120188.
32
Calculate the remainder when 3386621 is divided by 135463.
46
Calculate the remainder when 1397273 is divided by 698343.
587
Calculate the remainder when 5937971 is divided by 12.
11
Calculate the remainder when 4107611 is divided by 102688.
91
What is the remainder when 48837280 is divided by 3488376?
16
Calculate the remainder when 1410444 is divided by 665.
644
Calculate the remainder when 224441 is divided by 3526.
2303
Calculate the remainder when 63464010 is divided by 98.
92
What is the remainder when 249640 is divided by 17793?
538
Calculate the remainder when 1272080 is divided by 1251.
1064
Calculate the remainder when 7899860 is divided by 29.
28
Calculate the remainder when 68951890 is divided by 6895188.
10
What is the remainder when 4868220 is divided by 40568?
60
What is the remainder when 12090 is divided by 9726?
2364
Calculate the remainder when 244158 is divided by 243605.
553
Calculate the remainder when 11794481 is divided by 287669.
52
What is the remainder when 89317564 is divided by 38?
8
What is the remainder when 3425320 is divided by 11342?
36
What is the remainder when 143307 is divided by 445?
17
What is the remainder when 1642408 is divided by 410602?
0
What is the remainder when 81884326 is divided by 2778?
2776
What is the remainder when 119459699 is divided by 2070?
2069
Calculate the remainder when 2567094 is divided by 3.
0
Calculate the remainder when 20160 is divided by 237.
15
Calculate the remainder when 8598 is divided by 568.
78
Calculate the remainder when 253877 is divided by 1343.
50
Calculate the remainder when 2963113 is divided by 1897.
1896
Calculate the remainder when 55690593 is divided by 9582.
9
What is the remainder when 6741251 is divided by 38?
13
Calculate the remainder when 11704177 is divided by 243837.
1
Calculate the remainder when 107134044 is divided by 185353.
10
Calculate the remainder when 10942 is divided by 560.
302
Calculate the remainder when 4375703 is divided by 235.
3
What is the remainder when 101253756 is divided by 3?
0
What is the remainder when 21186998 is divided by 20998?
16
Calculate the remainder when 6602726 is divided by 747.
740
What is the remainder when 139035 is divided by 138991?
44
What is the remainder when 5018596 is divided by 702?
700
What is the remainder when 9868098 is divided by 245?
233
What is the remainder when 368488 is divided by 64?
40
What is the remainder when 51287805 is divided by 12821946?
21
What is the remainder when 2832891 is divided by 2832818?
73
What is the remainder when 2178289 is divided by 242031?
10
Calculate the remainder when 10693 is divided by 1950.
943
Calculate the remainder when 50580 is divided by 23717.
3146
Calculate the remainder when 38526 is divided by 667.
507
What is the remainder when 35181479 is divided by 11?
3
Calculate the remainder when 883558 is divided by 1785.
1768
What is the remainder when 712074 is divided by 1127?
937
What is the remainder when 363507 is divided by 8866?
1
Calculate the remainder when 55259629 is divided by 2672.
2669
What is the remainder when 2357 is divided by 10?
7
Calculate the remainder when 63207871 is divided by 7331.
7320
Calculate the remainder when 7505603 is divided by 302.
299
What is the remainder when 18215146 is divided by 2023905?
1
Calculate the remainder when 4995905 is divided by 172272.
17
What is the remainder when 48207467 is divided by 4017284?
59
What is the remainder when 538292 is divided by 160?
52
Calculate the remainder when 253240649 is divided by 78.
77
Calculate the remainder when 4801051 is divided by 39.
34
Calculate the remainder when 598773 is divided by 49.
42
What is the remainder when 91405 is divided by 5228?
2529
Calculate the remainder when 130465718 is divided by 1728.
1718
What is the remainder when 936491 is divided by 11?
6
What is the remainder when 17228800 is divided by 2461254?
22
What is the remainder when 44044923 is divided by 865?
853
What is the remainder when 10960700 is divided by 53?
35
What is the remainder when 380926 is divided by 17303?
260
What is the remainder when 6775571 is divided by 2612?
43
What is the remainder when 390064 is divided by 449?
332
Calculate the remainder when 8443895 is divided by 122375.
20
What is the remainder when 917655502 is divided by 534?
532
Calculate the remainder when 10223 is divided by 3699.
2825
What is the remainder when 43274900 is divided by 2880?
20
What is the remainder when 5893355 is divided by 76537?
6
Calculate the remainder when 14137964 is divided by 39.
35
What is the remainder when 343033 is divided by 536?
529
Calculate the remainder when 619489 is divided by 470.
29
Calculate the remainder when 46812880 is divided by 211.
209
What is the remainder when 65754509 is divided by 306?
5
Calculate the remainder when 716891 is divided by 358378.
135
Calculate the remainder when 916419 is divided by 379.
376
What is the remainder when 12139032 is divided by 43?
3
What is the remainder when 2066895 is divided by 258358?
31
Calculate the remainder when 72240 is divided by 259.
238
Calculate the remainder when 34814174 is divided by 344.
342
What is the remainder when 26879066 is divided by 85?
26
Calculate the remainder when 590301 is divided by 11806.
1
What is the remainder when 5101591 is divided by 80?
71
Calculate the remainder when 633887 is divided by 496.
495
What is the remainder when 810511 is divided by 209?
9
Calculate the remainder when 426326 is divided by 161.
159
What is the remainder when 6835035 is divided by 170875?
35
What is the remainder when 2756389 is divided by 26?
25
What is the remainder when 359975 is divided by 696?
143
What is the remainder when 19477961 is divided by 59?
55
Calculate the remainder when 1620129 is divided by 1454.
373
Calculate the remainder when 436520 is divided by 48498.
38
What is the remainder when 3914526 is divided by 2601?
21
Calculate the remainder when 49311133 is divided by 124.
53
Calculate the remainder when 22341147 is divided by 1482.
1479
What is the remainder when 84928628 is divided by 1017?
992
What is the remainder when 20267999 is divided by 600?
599
Calculate the remainder when 16424 is divided by 6972.
2480
What is the remainder when 81457 is divided by 2506?
1265
Calculate the remainder when 38734168 is divided by 1075949.
4
What is the remainder when 829573107 is divided by 276524368?
3
What is the remainder when 829724 is divided by 2119?
1195
What is the remainder when 5229 is divided by 5191?
38
Calculate the remainder when 22200 is divided by 189.
87
What is the remainder when 3002741 is divided by 17?
14
What is the remainder when 689784 is divided by 4284?
60
What is the remainder when 148974 is divided by 933?
627
What is the remainder when 59454587 is divided by 3839?
3833
What is the remainder when 123552 is divided by 39299?
5655
What is the remainder when 42885 is divided by 822?
141
Calculate the remainder when 578824130 is divided by 51.
38
Calculate the remainder when 33369 is divided by 29060.
4309
Calculate the remainder when 210631358 is divided by 59.
1
What is the remainder when 117975517 is divided by 676?
673
What is the remainder when 100570 is divided by 3350?
70
What is the remainder when 849554 is divided by 169314?
2984
What is the remainder when 13055995 is divided by 764?
763
What is the remainder when 99207703 is divided by 4133654?
7
Calculate the remainder when 10266673 is divided by 2566664.
17
Calculate the remainder when 29855976 is divided by 523.
521
Calculate the remainder when 73058266 is divided by 8117585.
1
Calculate the remainder when 157922231 is divided by 68.
51
Calculate the remainder when 73959516 is divided by 6799.
6793
Calculate the remainder when 75537 is divided by 3160.
2857
What is the remainder when 29642 is divided by 939?
533
Calculate the remainder when 15291766 is divided by 420.
406
What is the remainder when 302728 is divided by 2667?
1357
What is the remainder when 18970857 is divided by 478?
471
What is the remainder when 40057063 is divided by 2861218?
11
Calculate the remainder when 272843 is divided by 89597.
4052
Calculate the remainder when 29273 is divided by 7815.
5828
What is the remainder when 761871 is divided by 1362?
5